{"id":487,"date":"2020-08-15T19:20:39","date_gmt":"2020-08-15T17:20:39","guid":{"rendered":"http:\/\/thorstenberndt.de\/wordpress\/?page_id=487"},"modified":"2020-10-16T15:01:19","modified_gmt":"2020-10-16T13:01:19","slug":"meine-ziele","status":"publish","type":"page","link":"https:\/\/thorstenberndt.de\/wordpress\/meine-ziele\/","title":{"rendered":"Ziele"},"content":{"rendered":"\n<h2>Gemeinsam f\u00fcr ein Uetersen mit Zukunft!<\/h2>\n\n\n\n<p> <\/p>\n\n\n\n<p>Liebe B\u00fcrger*innen, hier erfahren Sie, wie ich als <strong>Ihr B\u00fcrgermeister<\/strong> unsere Stadt noch l<span class=\"has-inline-color has-vivid-green-cyan-color\"><strong>i<\/strong><\/span>ebenswerter gestalten und was ich in Angriff nehmen will &#8211; gemeinsam mit der <strong>Ratsversammlung<\/strong>, der <strong>Verwaltung<\/strong> und vor allem: mit Ihnen, den <strong>B\u00fcrger*innen Uetersens<\/strong>.&nbsp;<\/p>\n\n\n\n<p>Denn ich bin \u00fcberzeugt, nur wenn wir <strong>miteinander<\/strong> reden, k\u00f6nnen wir auch gut <strong>gemeinsam<\/strong> leben.<\/p>\n\n\n\n<figure class=\"wp-block-image size-large is-resized\"><img loading=\"lazy\" src=\"http:\/\/thorstenberndt.de\/wordpress\/wp-content\/uploads\/2020\/08\/IMG_7919-800x600.jpg\" alt=\"\" class=\"wp-image-518\" width=\"405\" height=\"303\" srcset=\"https:\/\/thorstenberndt.de\/wordpress\/wp-content\/uploads\/2020\/08\/IMG_7919-800x600.jpg 800w, https:\/\/thorstenberndt.de\/wordpress\/wp-content\/uploads\/2020\/08\/IMG_7919-400x300.jpg 400w, https:\/\/thorstenberndt.de\/wordpress\/wp-content\/uploads\/2020\/08\/IMG_7919-768x576.jpg 768w, https:\/\/thorstenberndt.de\/wordpress\/wp-content\/uploads\/2020\/08\/IMG_7919-1536x1152.jpg 1536w, https:\/\/thorstenberndt.de\/wordpress\/wp-content\/uploads\/2020\/08\/IMG_7919-2048x1536.jpg 2048w\" sizes=\"(max-width: 405px) 100vw, 405px\" \/><figcaption>Im Gespr\u00e4ch mit dem Gr\u00fcnen Bundesvorsitzenden Robert Habeck \u00fcber das 3. Gleis und die Bahnanbindung Uetersen &#8211; Tornesch &#8211; Pinneberg &#8211; Hamburg<\/figcaption><\/figure>\n\n\n\n<p>Singles, Paare, Familien. Kinder, Jugendliche und Senioren. Geb\u00fcrtige, Zugezogene, Migranten. Unternehmer*innen, Angestellte, Arbeitssuchende. Menschen mit und ohne Handicap. Jede\/r hat eine eigene Vorstellung davon, was gut ist f\u00fcr <strong>Uetersen<\/strong>. Ich h\u00f6re zu und werde die unterschiedlichen Interessen bei neuen <strong>Projekten<\/strong> zusammenbringen. Auch werde ich intensiv mit den Nachbargemeinden zusammenarbeite<strong>n.<\/strong> Denn nur im <strong>Dialog<\/strong> und gemeinsam kommen wir zu den besten <strong>L\u00f6sungen<\/strong>.<\/p>\n\n\n\n<p>Mir ist bewusst: Alle Ziele lassen sich nur mit politischen Mehrheiten umsetzen. Und immer stellt sich die Frage nach dem <strong>Geld<\/strong>. Es gibt viele <strong>F\u00f6rdermittel<\/strong> auf Landes-, Bundes- und EU-Ebene. Manches l\u00e4sst sich \u00fcber innovative Modell-Projekte finanzieren. Man muss nur wissen, wie und wo. Dank meiner langj\u00e4hrigen <strong>politischen Erfahrung<\/strong> bin ich gut vernetzt und wei\u00df, wen es wof\u00fcr zu fragen gilt. Diese <strong>Kompetenz<\/strong> werde ich f\u00fcr Uetersen in die Waagschale werfen.<\/p>\n\n\n\n<p>Sie haben Fragen oder m\u00f6chten mich pers\u00f6nlich kennenlernen? Dann melden Sie sich. Ich freue mich auf Sie!<\/p>\n\n\n\n<p><\/p>\n\n\n\n<h2>Wirtschaft und Digitalisierung voranbringen<\/h2>\n\n\n\n<p> <\/p>\n\n\n\n<p>Den<strong> Wirtschaftsstandort Uetersen<\/strong> gilt es zu st\u00e4rken und attraktiv f\u00fcr Startup-Unternehmen zu machen. Individuelle Einzelhandelsgesch\u00e4fte sollen das Angebot in unserer <strong>Fu\u00dfg\u00e4ngerzone<\/strong> (FuZo) beleben und dazu motivieren, wieder mehr <strong>vor Ort<\/strong> zu kaufen.<\/p>\n\n\n\n<p>In Sachen <strong>Digitalisierung<\/strong> werde ich den Weg weiter beschreiten, der durch die Corona-Krise an Fahrt aufgenommen hat: <strong>Dienstleistungen<\/strong> der Stadt, Dokumente und Verwaltungsprozesse m\u00fcssen <strong>online<\/strong> verf\u00fcgbar sein. Video-Botschaften, Live-Streams von <strong>Ratssitzungen<\/strong> und Online-Portale zu besonderen Projekten sind weitere M\u00f6glichkeiten der digitalen B\u00fcrger*innenn\u00e4he. Basis daf\u00fcr ist der z\u00fcgige Ausbau des <strong>Glasfaser<\/strong>&#8211; und <strong>Mobilfunknetzes<\/strong>.<\/p>\n\n\n\n<figure class=\"wp-block-image size-large is-resized\"><img loading=\"lazy\" src=\"http:\/\/thorstenberndt.de\/wordpress\/wp-content\/uploads\/2020\/08\/mworks-03-800x600.jpg\" alt=\"\" class=\"wp-image-556\" width=\"444\" height=\"333\" srcset=\"https:\/\/thorstenberndt.de\/wordpress\/wp-content\/uploads\/2020\/08\/mworks-03-800x600.jpg 800w, https:\/\/thorstenberndt.de\/wordpress\/wp-content\/uploads\/2020\/08\/mworks-03-400x300.jpg 400w, https:\/\/thorstenberndt.de\/wordpress\/wp-content\/uploads\/2020\/08\/mworks-03-768x576.jpg 768w, https:\/\/thorstenberndt.de\/wordpress\/wp-content\/uploads\/2020\/08\/mworks-03-1536x1152.jpg 1536w, https:\/\/thorstenberndt.de\/wordpress\/wp-content\/uploads\/2020\/08\/mworks-03-2048x1536.jpg 2048w\" sizes=\"(max-width: 444px) 100vw, 444px\" \/><figcaption>Im Dialog mit Lars Kobialka von mworks, den Maschinenfindern. Mein Ziel ist es, die Firmen zu vernetzten, von traditionellen. alteingesessenen Betrieben bis hin zu innovativen, kreativen Start-Ups.<\/figcaption><\/figure>\n\n\n\n<p>Mehr zum Thema <a href=\"http:\/\/thorstenberndt.de\/wordpress\/digitalisierung\/\">Digitalisierung<\/a><\/p>\n\n\n\n<p><strong>Meine Ziele:<\/strong><\/p>\n\n\n\n<ul><li>ein vielseitiges, attraktives Angebot in der FuZo schaffen<\/li><li>junge Start-Ups bei der Gr\u00fcndung aktiv unterst\u00fctzen<\/li><li>ungenutzte Industrie- und Gewerbefl\u00e4chen in Arbeitsr\u00e4ume f\u00fcr zeitlich begrenzte Projekte (Co-Working-Places) umwandeln<\/li><li>Glasfaser- und Mobilfunknetz ausbauen und Digitalisierung konsequent f\u00fcr B\u00fcrger*innen, Politik und Verwaltung nutzen<\/li><li>Freies WLAN in Uetersen einf\u00fchren<\/li><\/ul>\n\n\n\n<h2>Stadtarchitektur aktiv planen<\/h2>\n\n\n\n<p>Uetersen ist in den letzten Jahren stark gewachsen. Wir brauchen mehr <strong>bezahlbaren Wohnraum<\/strong> &#8211; und das m\u00f6glichst, ohne weitere Fl\u00e4chen zu versiegeln. Verdichtung und Aufstockung sind der Weg. Und: brachliegende Grundst\u00fccke einer erneuten Pr\u00fcfung unterziehen. Daf\u00fcr und auch f\u00fcr die ben\u00f6tigten Infrastrukturen, wie etwa <strong>Schulen, Kitas<\/strong> und optimale Verkehrsanbindung, bedarf es eines aktuellen <strong>Stadtentwicklungskonzepts<\/strong>.<\/p>\n\n\n\n<figure class=\"wp-block-image size-large\"><img loading=\"lazy\" width=\"800\" height=\"533\" src=\"http:\/\/thorstenberndt.de\/wordpress\/wp-content\/uploads\/2020\/10\/hafen-02-800x533.jpg\" alt=\"\" class=\"wp-image-688\" srcset=\"https:\/\/thorstenberndt.de\/wordpress\/wp-content\/uploads\/2020\/10\/hafen-02-800x533.jpg 800w, https:\/\/thorstenberndt.de\/wordpress\/wp-content\/uploads\/2020\/10\/hafen-02-400x267.jpg 400w, https:\/\/thorstenberndt.de\/wordpress\/wp-content\/uploads\/2020\/10\/hafen-02-768x512.jpg 768w, https:\/\/thorstenberndt.de\/wordpress\/wp-content\/uploads\/2020\/10\/hafen-02-1536x1024.jpg 1536w, https:\/\/thorstenberndt.de\/wordpress\/wp-content\/uploads\/2020\/10\/hafen-02-2048x1365.jpg 2048w\" sizes=\"(max-width: 800px) 100vw, 800px\" \/><figcaption>Das Gebiet am Stichhafen hat das Potential f\u00fcr ein lebenswertes Quartier f\u00fcr Alle.<\/figcaption><\/figure>\n\n\n\n<p>Au\u00dferdem soll das <strong>Hafengebiet<\/strong> als Freizeittreffpunkt f\u00fcr alle Generationen mit Gastronomie und lauschigen Ecken zum Schnacken und Entspannen umgestaltet werden. <strong>Hausboote<\/strong> und <strong>Tiny<\/strong> <strong>Houses<\/strong> beleben dieses Quartier. Dazu sollen die Pinnau-Wiesen als <strong>Naherholungsgebiet<\/strong> erschlossen und erlebbar gemacht werden.<\/p>\n\n\n\n<p><strong>Meine Ziele:<\/strong><\/p>\n\n\n\n<ul><li>Stadtentwicklungskonzept \u201eUetersen 2030\u201centwerfen<\/li><li>durch Verdichtung und Aufstockung ausreichend bezahlbaren Wohnraum schaffen<\/li><li>Hafen und Pinnau-Wiesen als Freizeittreffpunkt und Naherholungsgebiet erschlie\u00dfen<\/li><li>die Kooperation mit den Nachbarkommunen zu Themen der Wirtschaft, Bildung, Kultur und Freizeit intensivieren<\/li><\/ul>\n\n\n\n<figure class=\"wp-block-image size-large is-resized\"><img loading=\"lazy\" src=\"http:\/\/thorstenberndt.de\/wordpress\/wp-content\/uploads\/2020\/08\/IMG_7666-800x600.jpg\" alt=\"\" class=\"wp-image-529\" width=\"438\" height=\"329\" srcset=\"https:\/\/thorstenberndt.de\/wordpress\/wp-content\/uploads\/2020\/08\/IMG_7666-800x600.jpg 800w, https:\/\/thorstenberndt.de\/wordpress\/wp-content\/uploads\/2020\/08\/IMG_7666-400x300.jpg 400w, https:\/\/thorstenberndt.de\/wordpress\/wp-content\/uploads\/2020\/08\/IMG_7666-768x576.jpg 768w, https:\/\/thorstenberndt.de\/wordpress\/wp-content\/uploads\/2020\/08\/IMG_7666-1536x1152.jpg 1536w, https:\/\/thorstenberndt.de\/wordpress\/wp-content\/uploads\/2020\/08\/IMG_7666-2048x1536.jpg 2048w\" sizes=\"(max-width: 438px) 100vw, 438px\" \/><figcaption>Das Herrenhaus in Langes Tannen -Uetersen hat viele sch\u00f6ne Orte<\/figcaption><\/figure>\n\n\n\n<h2>F\u00fcr unsere St\u00e4rken werben<\/h2>\n\n\n\n<p><strong>Rosen<\/strong> und <strong>Hochzeit<\/strong>: Daf\u00fcr ist Uetersen&nbsp;\u00fcberseine Grenzen hinaus bekannt. Doch wir haben mehr zu bieten. <strong>Klosterviertel<\/strong>, Burgkino, Freibad Oberglinde, <strong>Langes Tannen <\/strong>mit seinem Museum sind weitere Attraktionen, f\u00fcr die es gilt, noch st\u00e4rker \u00fcberregional zu werben und so Besucher*innen anzuziehen. Dazu geh\u00f6rt auch, die FuZo, den Hafen und die <strong>Pinnau-Wiesen<\/strong> zu weiteren Highlights aufzuwerten (siehe Stadtarchitektur aktiv planen). Und die bereits vorhandenen k\u00fcnstlerisch kulturellen Aktivit\u00e4ten noch besser zu vernetzen und zu bewerben. Hier m\u00fcssen wir auch dar\u00fcber reden, wie sich die <strong>Stadthalle Uetersen<\/strong> noch effektiver nutzen l\u00e4sst.<\/p>\n\n\n\n<figure class=\"wp-block-image size-large is-resized\"><img loading=\"lazy\" src=\"http:\/\/thorstenberndt.de\/wordpress\/wp-content\/uploads\/2020\/08\/IMG_E7901-800x533.jpg\" alt=\"\" class=\"wp-image-589\" width=\"457\" height=\"304\" srcset=\"https:\/\/thorstenberndt.de\/wordpress\/wp-content\/uploads\/2020\/08\/IMG_E7901-800x533.jpg 800w, https:\/\/thorstenberndt.de\/wordpress\/wp-content\/uploads\/2020\/08\/IMG_E7901-400x266.jpg 400w, https:\/\/thorstenberndt.de\/wordpress\/wp-content\/uploads\/2020\/08\/IMG_E7901-768x511.jpg 768w, https:\/\/thorstenberndt.de\/wordpress\/wp-content\/uploads\/2020\/08\/IMG_E7901-1536x1023.jpg 1536w, https:\/\/thorstenberndt.de\/wordpress\/wp-content\/uploads\/2020\/08\/IMG_E7901-2048x1363.jpg 2048w\" sizes=\"(max-width: 457px) 100vw, 457px\" \/><figcaption>Das Burg-Kino ist f\u00fcr mich eine wichtige Kultureinrichtung.<\/figcaption><\/figure>\n\n\n\n<p><strong>Meine Ziele:<\/strong><\/p>\n\n\n\n<ul><li>unsere kulturellen Highlights weiter st\u00e4rken und \u00fcberregional bewerben<\/li><li>die J\u00fcrgen-Frenzel-Schwimmhalle erhalten und den Betrieb mit ausreichend Personal gew\u00e4hrleisten<\/li><li>die Attraktivit\u00e4t des F\u00fcnf-St\u00e4dte-Heims in H\u00f6rnum auf Sylt f\u00fcr Vereine, Verb\u00e4nde und Schulen steigern<\/li><\/ul>\n\n\n\n<figure class=\"wp-block-image size-large is-resized\"><img loading=\"lazy\" src=\"http:\/\/thorstenberndt.de\/wordpress\/wp-content\/uploads\/2020\/08\/f\u00fcnf-st\u00e4dte-heim-neu-800x534.jpg\" alt=\"\" class=\"wp-image-551\" width=\"423\" height=\"282\" srcset=\"https:\/\/thorstenberndt.de\/wordpress\/wp-content\/uploads\/2020\/08\/f\u00fcnf-st\u00e4dte-heim-neu-800x534.jpg 800w, https:\/\/thorstenberndt.de\/wordpress\/wp-content\/uploads\/2020\/08\/f\u00fcnf-st\u00e4dte-heim-neu-400x267.jpg 400w, https:\/\/thorstenberndt.de\/wordpress\/wp-content\/uploads\/2020\/08\/f\u00fcnf-st\u00e4dte-heim-neu-768x512.jpg 768w, https:\/\/thorstenberndt.de\/wordpress\/wp-content\/uploads\/2020\/08\/f\u00fcnf-st\u00e4dte-heim-neu.jpg 850w\" sizes=\"(max-width: 423px) 100vw, 423px\" \/><figcaption>Das F\u00fcnf-St\u00e4dte-Heim in H\u00f6rnum auf Sylt attraktiv erhalten<br><\/figcaption><\/figure>\n\n\n\n<h2>Verkehr modernisieren<\/h2>\n\n\n\n<p>Schluss mit Pendlerstress und Stau! Uetersen braucht die direkte <strong>Bahnanbindung<\/strong> nach <strong>Hamburg<\/strong> &#8211; und hat jetzt beste Chancen darauf. Daf\u00fcr setze ich mich ein. Ein neuer <strong>Bahnhof<\/strong> soll dabei zum Herzst\u00fcck eines modernen, mobilen <strong>Uetersen<\/strong> werden.<\/p>\n\n\n\n<figure class=\"wp-block-image size-large\"><img loading=\"lazy\" width=\"800\" height=\"405\" src=\"http:\/\/thorstenberndt.de\/wordpress\/wp-content\/uploads\/2020\/09\/Anjes-thorsten-800x405.jpg\" alt=\"\" class=\"wp-image-636\" srcset=\"https:\/\/thorstenberndt.de\/wordpress\/wp-content\/uploads\/2020\/09\/Anjes-thorsten-800x405.jpg 800w, https:\/\/thorstenberndt.de\/wordpress\/wp-content\/uploads\/2020\/09\/Anjes-thorsten-400x203.jpg 400w, https:\/\/thorstenberndt.de\/wordpress\/wp-content\/uploads\/2020\/09\/Anjes-thorsten-768x389.jpg 768w, https:\/\/thorstenberndt.de\/wordpress\/wp-content\/uploads\/2020\/09\/Anjes-thorsten-1536x778.jpg 1536w, https:\/\/thorstenberndt.de\/wordpress\/wp-content\/uploads\/2020\/09\/Anjes-thorsten-2048x1037.jpg 2048w\" sizes=\"(max-width: 800px) 100vw, 800px\" \/><figcaption>In der Metropolregion zusammenarbeiten: gemeinsam mit Anjas Tjarks (Senator f\u00fcr Verkehr und Mobilit\u00e4tswende in Hamburg) den Verkehr der Zukunft gestalten.<\/figcaption><\/figure>\n\n\n\n<p>Dar\u00fcber hinaus gilt es, das <strong>Radfahren<\/strong> und <strong>Zufu\u00dfgehen<\/strong> &#8211; gerade auf den kurzen Strecken in der Stadt und zu den Nachbargemeinden &#8211; zur attraktiven Pkw-Alternative zu machen. Und f\u00fcr ein noch <strong>besseres Miteinander<\/strong> aller Verkehrsbeteiligten zu sorgen. Ein Schritt in diese Richtung sind shared spaces &#8211; von allen Beteiligten gemeinsam genutzte Verkehrsr\u00e4ume. Die Verl\u00e4ngerung der <strong>verkehrsberuhigten Zone<\/strong> an der FuZo in Richtung Denkmalstra\u00dfe und Hafenstra\u00dfe k\u00f6nnen ein erster Schritt sein.<\/p>\n\n\n\n<p><strong>Meine Ziele:<\/strong><\/p>\n\n\n\n<ul><li>Car-sharing in Uetersen m\u00f6glich machen<\/li><li>Mittelfristig: die direkte Bahnanbindung nach Hamburg realisieren<\/li><li>Rad- und Fu\u00dfwegenetz erneuern und ausbauen, die Fortbewegung ohne Auto leichter machen<\/li><li>viele \u00f6ffentliche Fahrradstellpl\u00e4tze und absolute Barrierefreiheit schaffen<\/li><\/ul>\n\n\n\n<figure class=\"wp-block-image size-large is-resized\"><img loading=\"lazy\" src=\"http:\/\/thorstenberndt.de\/wordpress\/wp-content\/uploads\/2020\/08\/IMG_E8541-800x798.jpg\" alt=\"\" class=\"wp-image-598\" width=\"355\" height=\"353\" srcset=\"https:\/\/thorstenberndt.de\/wordpress\/wp-content\/uploads\/2020\/08\/IMG_E8541-800x798.jpg 800w, https:\/\/thorstenberndt.de\/wordpress\/wp-content\/uploads\/2020\/08\/IMG_E8541-400x399.jpg 400w, https:\/\/thorstenberndt.de\/wordpress\/wp-content\/uploads\/2020\/08\/IMG_E8541-150x150.jpg 150w, https:\/\/thorstenberndt.de\/wordpress\/wp-content\/uploads\/2020\/08\/IMG_E8541-768x766.jpg 768w, https:\/\/thorstenberndt.de\/wordpress\/wp-content\/uploads\/2020\/08\/IMG_E8541-1536x1533.jpg 1536w, https:\/\/thorstenberndt.de\/wordpress\/wp-content\/uploads\/2020\/08\/IMG_E8541-2048x2044.jpg 2048w\" sizes=\"(max-width: 355px) 100vw, 355px\" \/><figcaption>Mit auf Annette Borchers, Projektleiterin von GemeinsaMobil, auf der neuen Mitfahrbank in Heidgraben. Kooperation in der Region steht f\u00fcr mich bei vielen Projekten an erster Stelle<\/figcaption><\/figure>\n\n\n\n<h2>Soziale Projekte gemeinsam gestalten<\/h2>\n\n\n\n<p>Uetersen bietet bereits viele <strong>Hilfsangebote<\/strong>. Die Wohlfahrtsverb\u00e4nde, Sozialarbeiter*innen, Mitarbeiter*innen der Tafel und im Sozialkaufhaus setzten sich zum Teil ehrenamtlich daf\u00fcr ein, ihre Mitmenschen zu unterst\u00fctzen. Diese Arbeit m\u00fcssen wir weiter f\u00f6rdern. Und f\u00fcr noch mehr <strong>soziale Angebote<\/strong> sorgen. Das hei\u00dft: mehr Sozialarbeiter*innen einstellen. Und gemeinsam mit ihnen Projekte und Begegnungsst\u00e4tten f\u00fcr Menschen gestalten, die finanziell und sozial an der<strong> Armutsgrenze <\/strong>leben und in unserem Alltag zu h\u00e4ufig \u00fcbersehen werden: Kinder und Jugendliche, zur\u00fcckgezogen lebende Senioren*innen, Alleinerziehende, Menschen mit Handikap, Langzeitarbeitslose, Migranten*innen. Hier gilt es auch noch einmal in der Bev\u00f6lkerung f\u00fcr <strong>Engagement<\/strong> zu werben.<\/p>\n\n\n\n<p>Wichtig ist mir dabei auch, all die Menschen zu unterst\u00fctzen, die bereits <strong>ehrenamtlich<\/strong> in Uetersen arbeiten. Egal ob bei der <strong>Feuerwehr<\/strong>, den <strong>Sportvereinen<\/strong>, in<strong> Kirchen<\/strong>, <strong>Kultur<\/strong> oder eben im<strong> sozialen Bereichen<\/strong>. Diesen Einsatz gilt es zu w\u00fcrdigen, etwa mit einer <strong>Ehrenamtskarte-Karte<\/strong> mit zahlreichen Verg\u00fcnstigungen.<\/p>\n\n\n\n<p><strong>Meine Ziele sind:<\/strong><\/p>\n\n\n\n<ul><li>mehr Gratis-Angebote und Begegnungsst\u00e4tten schaffen, z.B. Sport- und Musik-Workshops, Spiel- und Kl\u00f6nschnack-Treffs, Lebens- und Rechtsberatung&nbsp;<\/li><li>Streitschlichter-Stelle mit Beratung, mobile Sozialarbeiter*inne direkt vor Ort als Mediatoren<\/li><li>neben Senioren*innen-, Kinder- und Jugendbeirat einen Migranten*innenbeirat ins Leben rufen<\/li><li>eine Karte mit Verg\u00fcnstigungen f\u00fcr ehrenamtlich Arbeitende (z. B. f\u00fcr Schwimmbad, B\u00fccherei, Kino) einf\u00fchren<\/li><li>die Attraktivit\u00e4t des F\u00fcnf-St\u00e4dte-Heims in H\u00f6rnum auf Sylt f\u00fcr Vereine, Verb\u00e4nde und Schulen steigern<\/li><\/ul>\n\n\n\n<h2>Lebenslanges Lernen erm\u00f6glichen<\/h2>\n\n\n\n<p><strong>Bildung<\/strong> ist der <strong>Schl\u00fcssel<\/strong> zum sozialen Ausgleich. In Sachen <strong>Kita-Ausbau<\/strong> muss es endlich vorangehen. Das hei\u00dft: Zus\u00e4tzlich zu den vorhandenen Einrichtungen m\u00fcssen <strong>weitere Pl\u00e4tze<\/strong> geschaffen werden. Auch gilt es, die Schulen weiter zu modernisieren und fit f\u00fcr das <strong>Digitalzeitalter<\/strong> zu machen. Dazu geh\u00f6rt auch, die <strong>Schulen<\/strong> bez\u00fcglich <strong>Integration<\/strong> und <strong>Inklusion<\/strong> zu unterst\u00fctzen und entsprechende Mittel bereitzustellen. Ich will Uetersener Unternehmen f\u00f6rdern, die sich f\u00fcr <strong>Ausbildungspl\u00e4tze<\/strong> stark machen. In Zusammenarbeit mit Senioren- bzw. Kinder- und Jugendbeirat sollen <strong>Treffpunkte<\/strong> und <strong>Freizeitangebote<\/strong> f\u00fcr <strong>Alt<\/strong> und <strong>Jung<\/strong> entstehen.<\/p>\n\n\n\n<figure class=\"wp-block-image size-large is-resized\"><img loading=\"lazy\" src=\"http:\/\/thorstenberndt.de\/wordpress\/wp-content\/uploads\/2020\/08\/4436F6B7-F6F9-4EB4-92BD-844C86124267-800x1067.jpeg\" alt=\"\" class=\"wp-image-585\" width=\"340\" height=\"452\" srcset=\"https:\/\/thorstenberndt.de\/wordpress\/wp-content\/uploads\/2020\/08\/4436F6B7-F6F9-4EB4-92BD-844C86124267-800x1067.jpeg 800w, https:\/\/thorstenberndt.de\/wordpress\/wp-content\/uploads\/2020\/08\/4436F6B7-F6F9-4EB4-92BD-844C86124267-400x533.jpeg 400w, https:\/\/thorstenberndt.de\/wordpress\/wp-content\/uploads\/2020\/08\/4436F6B7-F6F9-4EB4-92BD-844C86124267-768x1024.jpeg 768w, https:\/\/thorstenberndt.de\/wordpress\/wp-content\/uploads\/2020\/08\/4436F6B7-F6F9-4EB4-92BD-844C86124267-1152x1536.jpeg 1152w, https:\/\/thorstenberndt.de\/wordpress\/wp-content\/uploads\/2020\/08\/4436F6B7-F6F9-4EB4-92BD-844C86124267-1536x2048.jpeg 1536w, https:\/\/thorstenberndt.de\/wordpress\/wp-content\/uploads\/2020\/08\/4436F6B7-F6F9-4EB4-92BD-844C86124267-scaled.jpeg 1920w\" sizes=\"(max-width: 340px) 100vw, 340px\" \/><figcaption>Erwachsenenbildung braucht andere R\u00e4ume als Schulbildung &#8211; Eigene R\u00e4umlichkeiten f\u00fcr die Volkshochschule in Uetersen m\u00fcssen in der Innenstadt geschaffen werden.<\/figcaption><\/figure>\n\n\n\n<p><\/p>\n\n\n\n<p><strong>Meine Ziele:<\/strong><\/p>\n\n\n\n<ul><li>ausreichend Kita- und Krippenpl\u00e4tzen und attraktive Bedingungen f\u00fcr Erzieher*innen schaffen<\/li><li>Schulen mit Schwerpunkt Digitalisierung modernisieren<\/li><li>Treffpunkte und Freizeitangebote f\u00fcr Jugendliche und Senior*innen schaffen<\/li><li>das Volkshochschul-Angebot (VHS) in Uetersen mit eigenen R\u00e4umen erweitern<\/li><\/ul>\n\n\n\n<h2>Klimaschutz vor Ort gestalten<\/h2>\n\n\n\n<p>\u201e<strong>Global denken, lokal handeln<\/strong>\u201c &#8211; nach diesem bekannten Motto werde ich als B\u00fcrgermeister <strong>Klimapolitik<\/strong> in Uetersen zur Chefsache machen. Die Stadt muss sich stark machen f\u00fcr noch mehr Gr\u00fcn. Dazu geh\u00f6ren Baumpflege und Neupflanzungen, Dachbegr\u00fcnung, Bl\u00fchstreifen genauso wie eine barrierefreie Innenstadt und Zusch\u00fcsse f\u00fcr <strong>klimafreundliches Bauen<\/strong>. Und wir m\u00fcssen mehr <strong>Wind<\/strong>&#8211; und <strong>Sonnenenergie<\/strong> nutzen. Zur Planung, Koordination und Umsetzung soll eine Stelle f\u00fcr eine\/n <strong>Klimaschutzbeauftrage*n<\/strong> geschaffen werden.<\/p>\n\n\n\n<figure class=\"wp-block-image size-large is-resized\"><img loading=\"lazy\" src=\"http:\/\/thorstenberndt.de\/wordpress\/wp-content\/uploads\/2020\/08\/IMG_6545-800x600.jpg\" alt=\"\" class=\"wp-image-520\" width=\"441\" height=\"331\" srcset=\"https:\/\/thorstenberndt.de\/wordpress\/wp-content\/uploads\/2020\/08\/IMG_6545-800x600.jpg 800w, https:\/\/thorstenberndt.de\/wordpress\/wp-content\/uploads\/2020\/08\/IMG_6545-400x300.jpg 400w, https:\/\/thorstenberndt.de\/wordpress\/wp-content\/uploads\/2020\/08\/IMG_6545-768x576.jpg 768w, https:\/\/thorstenberndt.de\/wordpress\/wp-content\/uploads\/2020\/08\/IMG_6545-1536x1152.jpg 1536w, https:\/\/thorstenberndt.de\/wordpress\/wp-content\/uploads\/2020\/08\/IMG_6545-2048x1536.jpg 2048w\" sizes=\"(max-width: 441px) 100vw, 441px\" \/><figcaption>Der Windpark Uetersen steht vor der Erneuerung: aus 6 Anlagen werden 4 moderne und leistungsf\u00e4higere Anlage. Uetersen Beitrag zur Energiewende <\/figcaption><\/figure>\n\n\n\n<p>Die Stadt wird mit Projekten und Aktionen zu <strong>Garten<\/strong>, <strong>Bl\u00fchstreifen<\/strong> und <strong>Insekten<\/strong> daf\u00fcr werben, gemeinsam ein gr\u00fcnes und naturfreundliches <strong>Uetersen<\/strong> zu gestalten.<\/p>\n\n\n\n<p><strong>Meine Ziele:<\/strong><\/p>\n\n\n\n<ul><li>einen Klimaschutzplan aufstellen und eine\/n Klimaschutzbeauftragte\/n einsetzen<\/li><li>die Stadt bis 2030 klimaneutral machen<\/li><li>bis 2035 Strom f\u00fcr die Stadt zu 100 % aus erneuerbarer Energie gewinnen<\/li><li>Baum- und Bl\u00fchstreifen-Pflanzungen forcieren und Rasenfl\u00e4chen weniger m\u00e4hen<\/li><\/ul>\n\n\n\n<figure class=\"wp-block-image size-large is-resized\"><img loading=\"lazy\" src=\"http:\/\/thorstenberndt.de\/wordpress\/wp-content\/uploads\/2020\/08\/IMG_6168-800x600.jpg\" alt=\"\" class=\"wp-image-523\" width=\"401\" height=\"301\" srcset=\"https:\/\/thorstenberndt.de\/wordpress\/wp-content\/uploads\/2020\/08\/IMG_6168-800x600.jpg 800w, https:\/\/thorstenberndt.de\/wordpress\/wp-content\/uploads\/2020\/08\/IMG_6168-400x300.jpg 400w, https:\/\/thorstenberndt.de\/wordpress\/wp-content\/uploads\/2020\/08\/IMG_6168-768x576.jpg 768w, https:\/\/thorstenberndt.de\/wordpress\/wp-content\/uploads\/2020\/08\/IMG_6168-1536x1152.jpg 1536w, https:\/\/thorstenberndt.de\/wordpress\/wp-content\/uploads\/2020\/08\/IMG_6168-2048x1536.jpg 2048w\" sizes=\"(max-width: 401px) 100vw, 401px\" \/><figcaption>Wald und B\u00e4ume &#8211; ein wichtiger Baustein f\u00fcr ein gutes Stadtklima<\/figcaption><\/figure>\n","protected":false},"excerpt":{"rendered":"<p>Gemeinsam f\u00fcr ein Uetersen mit Zukunft! Liebe B\u00fcrger*innen, hier erfahren Sie, wie ich als Ihr B\u00fcrgermeister unsere Stadt noch liebenswerter gestalten und was ich in Angriff nehmen will &#8211; gemeinsam mit der Ratsversammlung, der Verwaltung und vor allem: mit Ihnen, den B\u00fcrger*innen Uetersens.&nbsp; Denn ich bin \u00fcberzeugt, nur wenn wir miteinander reden, k\u00f6nnen wir auch [&hellip;]<\/p>\n","protected":false},"author":2,"featured_media":0,"parent":0,"menu_order":0,"comment_status":"closed","ping_status":"closed","template":"","meta":[],"_links":{"self":[{"href":"https:\/\/thorstenberndt.de\/wordpress\/wp-json\/wp\/v2\/pages\/487"}],"collection":[{"href":"https:\/\/thorstenberndt.de\/wordpress\/wp-json\/wp\/v2\/pages"}],"about":[{"href":"https:\/\/thorstenberndt.de\/wordpress\/wp-json\/wp\/v2\/types\/page"}],"author":[{"embeddable":true,"href":"https:\/\/thorstenberndt.de\/wordpress\/wp-json\/wp\/v2\/users\/2"}],"replies":[{"embeddable":true,"href":"https:\/\/thorstenberndt.de\/wordpress\/wp-json\/wp\/v2\/comments?post=487"}],"version-history":[{"count":49,"href":"https:\/\/thorstenberndt.de\/wordpress\/wp-json\/wp\/v2\/pages\/487\/revisions"}],"predecessor-version":[{"id":689,"href":"https:\/\/thorstenberndt.de\/wordpress\/wp-json\/wp\/v2\/pages\/487\/revisions\/689"}],"wp:attachment":[{"href":"https:\/\/thorstenberndt.de\/wordpress\/wp-json\/wp\/v2\/media?parent=487"}],"curies":[{"name":"wp","href":"https:\/\/api.w.org\/{rel}","templated":true}]}}